?
False
Suppose 105*j - 91*j - 168994 = 0. Is j composite?
False
Let n(r) = 165*r + 38. Is n(9) prime?
True
Suppose 0 = -11*s + 6*s + 4065. Suppose 173 = 2*j - s. Is j a composite number?
True
Let z be 4/(-1) - -5 - 2. Let q(g) = -3*g**3 - g**2 + 1. Let j be q(z). Suppose -j*f + 812 = f. Is f a composite number?
True
Is 0 + ((-2)/(-8))/(3/45636) a prime number?
True
Let a = 5 - 8. Let d(k) be the third derivative of -155*k**4/12 - 3*k**3/2 + 39*k**2. Is d(a) prime?
False
Let y be -3*(224/(-12))/(-2). Let o = 66 + y. Suppose o = -2*p + 4*p. Is p composite?
False
Suppose -2*m - 18946 - 616 = -4*z, z = m + 4893. Suppose 563 = -5*l + z. Is l a prime number?
False
Suppose -7 = -5*d + z + 9, -d = 4*z - 20. Suppose -2*f = -d*f + 626. Let b = f - 192. Is b a prime number?
False
Let r(n) = 26*n**2 + 59*n + 72. Is r(49) a composite number?
True
Let x(a) = 2*a**2 + 11*a - 3. Let g be (2 - 6)/(-3 - -1). Let k = g + -10. Is x(k) a composite number?
False
Let c(n) = -n - 2. Let x be c(4). Let z be (-4)/x - (-3666)/9. Let o = 91 + z. Is o composite?
False
Let z(v) = -135*v**2 + 4*v - 3. Let m(w) = 539*w**2 - 16*w + 11. Let j(l) = -2*m(l) - 9*z(l). Let t be (-1)/((-1)/(10/5)). Is j(t) composite?
True
Let w = -1753 - -2543. Suppose w = -2*v - 3*v. Is v/6*(-90)/6 a prime number?
False
Let h = -1997 + 7846. Is h prime?
True
Let k(x) = 793*x**2 + 28*x + 88. Is k(-3) a composite number?
True
Suppose 13*x = 18*x - 20. Suppose x*a + 12 = 0, -u + 2242 = 5*a - 2*a. Is u prime?
True
Suppose -5*a + 3*a = -4*q + 44, -34 = -3*q + a. Let d(c) = 65*c - 1 - 8*c + q*c + 5. Is d(3) a composite number?
False
Let l be (-33)/6 - (-4)/(-8). Let b(s) = -s**2 - 7*s - 8. Let q be b(l). Is -3 - (-78 + q) - 0 composite?
True
Suppose 3488 = 5*d + x, 3*x - 2*x = -3*d + 2092. Is d a prime number?
False
Suppose -5*z = -2*u - 15, 0 = 3*u - 0*z + z - 3. Is 29088/27 - (3/9 + u) a composite number?
True
Let l be (-3066)/(-3) + 0/(-2) + -1. Let i = 2444 - l. Is i prime?
True
Let j = -6339 - -19320. Is j a composite number?
True
Let y = -87582 + 171841. Is y a prime number?
False
Suppose 3*v + 20717 = 4*x, 33010 = 5*x - 4*v + 7113. Is x a prime number?
False
Let c(u) = 2*u**3 - 12*u**2 + 3. Is c(9) composite?
True
Let c(t) = 927*t + 175. Is c(8) prime?
True
Is (3805/(-15))/((-16)/816) a prime number?
False
Suppose -2*u - 285 = -5*q + 2*q, -5*q = 5*u - 475. Let x(z) = 50 + q - 4*z**2 + 3*z**2. Is x(0) a prime number?
False
Suppose 0 = 3*y - 8*y - 4*l + 3149, 4*l + 3181 = 5*y. Let g = -141 + 141. Suppose g*q + y = 3*q. Is q a prime number?
True
Let t be 14/(-56)*1*4. Let k(s) = 4*s**2 + 2*s + 1. Let u be k(t). Is (267/(-6))/(u/(-42)) composite?
True
Suppose 2*k - 21457 = -3*m, 5*k + 35745 = -4*m + 9*m. Is m prime?
True
Suppose k + 6189 = -2*k. Let f = -1396 - k. Is f prime?
False
Let q(h) = -10 + 521*h**2 + 1 + 8 + 271*h**2. Is q(-1) composite?
True
Suppose -66 = -3*i - 0*i. Suppose 107 = -5*x + 272. Let r = x + i. Is r a prime number?
False
Suppose 3*k = -0*d - 2*d + 8, -4*k + d + 7 = 0. Suppose -2*u + 332 = k*u. Let t = u - 16. Is t a composite number?
False
Suppose n = -291 + 294. Let j(k) = 1017*k - 14. Is j(n) a prime number?
True
Suppose -2*l = 3*l + 4*i - 2319, 2347 = 5*l - 3*i. Let w(v) = -l*v**3 - v - v**2 + 0*v - 420*v**3. Is w(-1) a prime number?
True
Let t = 25 - 20. Suppose -5*r = t*h - 4905, 0 = -3*r + 7 - 1. Is h prime?
False
Suppose 271037 = 451*v - 438*v. Is v composite?
False
Let m(s) = -s**3 - 14*s**2 + 11*s + 6. Let z be m(-11). Let a = z + 1629. Is a prime?
True
Suppose -3*w - 29*p = -24*p - 36982, 24648 = 2*w + 2*p. Is w composite?
True
Let o(d) = -d**3 - 19*d**2 + 11*d - 32. Let f(m) = m**3 + 20*m**2 - 10*m + 32. Let u(i) = 6*f(i) + 5*o(i). Is u(-25) a composite number?
False
Suppose -o + 3*o - 3*p - 3934 = 0, -2*p + 8 = 0. Is o a prime number?
True
Let m(k) = 127*k + 377. Is m(6) a prime number?
False
Let l(x) = 14*x**2 - 5*x - 3. Let g be l(3). Suppose -4*w + w + 4*h = -151, -h = 2*w - g. Is w composite?
False
Suppose 4*f + 5*p - 25 = 0, 5*f - 3*p - 62 = p. Suppose -2*i = f, 1826 = 4*d + i + i. Let y = d + -296. Is y a composite number?
False
Suppose 0 = 9*j - 5*j - 3*z - 27458, 3*j - 5*z = 20588. Is j a prime number?
False
Let f(r) = -2*r + 87. Let z be f(0). Suppose 0*t = -t + 214. Let o = t - z. Is o composite?
False
Let s = 5 + -1. Suppose -5*i + 3 = -s*i. Suppose -1 = i*j - 178. Is j composite?
False
Let i = 21 - -106. Is i a composite number?
False
Let b = 26 + -23. Is (-1846)/b*(-21)/14 prime?
False
Let c be ((-12)/(-10))/(2/45). Let f = 30 - c. Suppose 0*b = f*b - 15, -2*r = b - 187. Is r a prime number?
False
Suppose 4*u + 3*t - 3 = 3, 0 = 3*u + 3*t - 6. Suppose u = -2*f + f + 995. Is f composite?
True
Let a = -431 - -623. Let f = -47 + a. Suppose 0 = 5*j - 3300 + f. Is j composite?
False
Let z = 140 + -52. Is (79/(-2))/((-2)/z*2) composite?
True
Suppose 9*m = 11551 + 11246. Is m a composite number?
True
Suppose 16*f - 17*f - 128 = 0. Let z(a) = -74*a**3 - 2*a**2 + 2*a - 1. Let y be z(1). Let x = y - f. Is x prime?
True
Suppose 15825 = 6*k - 5985. Is k prime?
False
Let x(r) be the third derivative of 37*r**4/24 + 13*r**3/6 + 4*r**2. Suppose 0 = 3*g - 0*g - 18. Is x(g) a prime number?
False
Let q(w) = 29*w**2 - 100*w + 40. Is q(-57) a composite number?
False
Let r(y) = 52*y - 84*y - 131*y + 71 - 61. Let d(j) = j**2 + 4*j. Let o be d(-3). Is r(o) prime?
True
Is 95/38*62454/15 composite?
True
Let h = -19193 - -38118. Is -1*(h/(-35) - 6/21) prime?
True
Let w be ((-4)/(-14))/(1/7). Suppose -w*d + 3*d = 3. Suppose 0 = -i - 4*h + 47, 2*i = -2*h + d*h + 58. Is i a prime number?
True
Let w(z) = -6*z**3 - 3*z**2 - 142*z + 22. Is w(-10) prime?
False
Suppose 5*y = -2*u + 68255, 4*u + 78889 = 5*y + 10664. Is y prime?
True
Is (-14163)/6*(-8 + 11 + -5) a composite number?
False
Suppose 0 = 5*f + 2*s - 54521, 0*f + 4*f - 3*s - 43603 = 0. Is f a prime number?
True
Let p(n) be the first derivative of 331*n**7/840 + n**5/120 - n**4/24 + n**3 - 1. Let x(d) be the third derivative of p(d). Is x(1) prime?
True
Let n(j) = -65*j + 32. Suppose 5*c = 3*a + 14, 3*a + 22 = -5*c - 42. Is n(a) a prime number?
True
Suppose -d = -4*t - 10, 4 - 29 = -4*d + t. Suppose 0*o = d*o - 1650. Suppose 0 = -2*z - 3*g + o, -5*z + 5*g - 242 = -942. Is z composite?
False
Let y = -40 - -43. Is 3281 + (-3)/9*y + -3 prime?
False
Suppose -t = -6*t + 40. Let u be (-6)/(-8) + 1066/t. Suppose -u = -2*h + 5*q, h + 2*q + 65 = 2*h. Is h a composite number?
True
Suppose f - 3*n + 5151 = 0, 2*f - 3*n = -0*n - 10305. Let q = -1661 - f. Is q prime?
False
Suppose 13*g + 0*g - 16159 = 0. Is g composite?
True
Let j = 120 - -521. Is j composite?
False
Suppose 0 = 9*z - 8*z + 5. Suppose -4*p + 29 = 3*d, -16 = 4*d + 3*p - 64. Is z/d - 256/(-3) prime?
False
Let t(l) = -58*l**2 - 6*l + 2. Let g(u) = -57*u**2 - 7*u + 3. Let r(m) = 3*g(m) - 4*t(m). Is r(-4) composite?
True
Suppose 5*p - 9831 + 30028 = -3*b, 0 = 5*p + b + 20199. Let u be p/(-3) - 10/15. Suppose -5*d + 169 + u = 0. Is d a prime number?
False
Suppose 0 = 14*d - 12394 - 124708. Is d composite?
True
Let r(k) be the third derivative of k**6/120 - 4*k**5/15 - 3*k**4/4 - 5*k**3/2 + 10*k**2. Let m be r(18). Suppose -4*u = -227 - m. Is u a composite number?
True
Let l(s) = s**3 + 2*s**2 - 2*s + 3. Let h be l(-3). Suppose -3*i + 6*u + 894 = 3*u, 5*u = h. Is i a composite number?
True
Is (1 + 0)/((-1)/(-3694)*2) a prime number?
True
Let r = -45 + 48. Suppose h + h = -r*j + 5189, -2*h = 5*j - 8651. Is j composite?
True
Let w(b) = -4*b**3 - 42*b**2 + 45*b + 33. Is w(-20) a composite number?
True
Let b = 1728 + -367. Is b composite?
False
Let f = -412 + 658. Let v = 373 - f. Is v a composite number?
False
Suppose 2*d + 2*b = 8, 3*d - 1 = b - 9. Is (d + 383/4)*4 prime?
True
Let u be (-18)/30*10/2. Let z(s) = -170*s - 7. Is z(u) a prime number?
True
Let j(t) = -t**2 - 8*t - 2. Let p be j(-8). Is 2/(-4) - 399/p a composite number?
False
Let g(t) = -t**2 + 14*t - 21. Let r be g(2). Suppose -r*c + 2759 + 6 = 5*x, 0 = -5*c. Is x a prime number?
False
Suppose -3*l - 7*b = -4*l + 106799, -3*l + 320443 = 2*b. Is l composite?
True
Suppose 3*l = 3, -3*c - 24 + 8 = -4*l. Let h be (c/6)/((-4)/2298). Let j = -228 + h. Is j prime?
False
Suppose 2*b = 3*b - 5*u - 28, 2 = 4*b + 2*u. Let m(s) 